 u(12).
-45
Let r(g) = 4523*g - 85932. Calculate r(19).
5
Let i(f) = -296*f + 598. Calculate i(2).
6
Let x(a) = 3*a**3 + 35*a**2 + 17*a - 25. Determine x(-11).
30
Let d(w) = w**2 - 371*w + 2554. What is d(7)?
6
Let p(u) = -8*u**2 - 54*u + 10. Calculate p(-8).
-70
Let o(k) = 29*k**2 + 89*k - 6. What is o(-3)?
-12
Let r(v) = 185*v - 1283. Give r(6).
-173
Let u(y) = y**3 + 13*y**2 + 28*y + 1. Calculate u(-8).
97
Let u(l) = -l**2 + 20*l + 268. Determine u(-10).
-32
Let t(o) = -o**3 - 8*o**2 + 6*o + 18. Give t(-8).
-30
Let w(x) = 18*x**2 - 25*x - 19. What is w(2)?
3
Let h(a) = -10279*a + 71953. Determine h(7).
0
Let n(p) = -2*p**2 - 107*p - 1432. Calculate n(-29).
-11
Let d(f) = -f**3 + 7*f**2 - 7*f - 39. Calculate d(5).
-24
Let j(u) = -2*u**3 - 6*u**2 - 239*u + 244. Determine j(1).
-3
Let m(f) = 47*f + 52. Calculate m(0).
52
Let j(c) = c**3 + 24*c**2 + 12*c + 365. Determine j(-24).
77
Let k(v) = -200*v + 6588. What is k(33)?
-12
Let t(n) = 942*n + 21677. What is t(-23)?
11
Let q(w) = w**3 - 9*w**2 - 27*w + 199. Give q(9).
-44
Let i(j) = 2*j**3 - 24*j**2 + 17*j + 41. Calculate i(12).
245
Let j(x) = 3*x**2 - 70*x + 291. Give j(18).
3
Let q(y) = -158*y - 6007. What is q(-38)?
-3
Let p(l) = -3*l**3 + 17*l**2 + 70*l. Determine p(-4).
184
Let c(l) = -105*l - 1073. What is c(-10)?
-23
Let w(z) = -3140*z + 28264. Calculate w(9).
4
Let d(q) = 5*q**2 + 17*q - 19. What is d(-7)?
107
Let o(l) = -l**3 - l**2 - 2*l + 14. Determine o(-4).
70
Let a(o) = -32*o**2 - 223*o - 133. What is a(-7)?
-140
Let a(d) = -d**3 - 4*d**2 + 75*d + 240. What is a(-3)?
6
Let t(f) = f**3 + 17*f**2 + 23*f + 26. What is t(-6)?
284
Let p(y) = y**3 + 19*y**2 + 73*y + 31. Calculate p(-14).
-11
Let n(o) = 19*o**3 + 510*o**2 - 83*o - 61. Determine n(-27).
-7
Let f(n) = 586*n + 759. Give f(-2).
-413
Let r(f) = 4*f + 18. Determine r(9).
54
Let o(q) = q**3 - 51*q**2 - 109*q + 150. Determine o(53).
-9
Let x(y) = y**2 + 32*y + 20. Calculate x(-8).
-172
Let o(w) = -8*w + 57. What is o(24)?
-135
Let d(z) = 55*z + 3735. Calculate d(-68).
-5
Let g(n) = 81*n + 3531. What is g(-43)?
48
Let o(g) = 12*g + 273. Give o(-22).
9
Let u(t) = -t**3 + 25*t**2 + 28*t + 114. What is u(26)?
166
Let y(o) = o**3 + 14*o**2 + 33. Give y(-12).
321
Let m(a) = -a**3 - 20*a**2 - 598*a - 11956. Give m(-20).
4
Let c(l) = -118*l**2 - 10*l - 1. What is c(1)?
-129
Let g(a) = 101*a - 27. Determine g(6).
579
Let b(h) = 4*h**2 - 27*h - 193. Give b(11).
-6
Let c(l) = -l**2 + 1671*l + 28707. Calculate c(-17).
11
Let v(x) = -109*x - 98. Determine v(3).
-425
Let i(j) = -j**2 + 25*j + 1234. Determine i(-22).
200
Let c(i) = -5*i**2 - 55*i + 36. Calculate c(-12).
-24
Let z(v) = -16*v**2 - 181*v - 71. Determine z(-11).
-16
Let y(n) = n**3 - 28*n**2 + 53*n + 23. What is y(26)?
49
Let u(p) = -p**3 - 14*p**2 + 8*p + 370. Calculate u(-12).
-14
Let m(t) = -t**3 + 25*t**2 - 55*t - 1294. What is m(18)?
-16
Let m(j) = -42*j + 519. Determine m(12).
15
Let h(f) = f**3 + 136*f**2 - 2771*f + 140. Calculate h(-154).
-14
Let k(u) = -u**3 + 16*u**2 + 44*u - 16. Calculate k(18).
128
Let s(d) = 30*d + 1169. Calculate s(-39).
-1
Let j(v) = -11*v - 439. Calculate j(-36).
-43
Let q(g) = 40*g + 98. What is q(-4)?
-62
Let t(z) = 7*z**3 - 13*z**2 - 59*z + 121. Determine t(2).
7
Let q(j) = j**3 + 34*j**2 - 2*j - 102. Calculate q(-34).
-34
Let i(r) = -4058*r - 64902. Give i(-16).
26
Let j(a) = -280*a - 18238. Give j(-65).
-38
Let b(x) = 52*x**3 + x**2 - 5*x + 7. What is b(1)?
55
Let m(g) = 5*g**3 + 14*g**2 + 8*g - 3. What is m(3)?
282
Let y(l) = l**3 - 2*l**2 - 100*l + 1. What is y(0)?
1
Let q(x) = 413*x**2 - 1998*x - 334. Give q(5).
1
Let u(w) = -2*w**2 - 20*w - 43. What is u(-10)?
-43
Let f(d) = d**3 + 17*d**2 - 420*d + 430. Determine f(-31).
-4
Let s(j) = -j**3 - 53*j**2 - 43*j + 502. Calculate s(-52).
34
Let f(z) = -z**3 - 2*z**2 - 53*z - 53. What is f(-7)?
563
Let h(k) = k**3 - 5*k**2 - 17*k - 10. Determine h(8).
46
Let a(m) = -2*m**2 + 173*m - 3481. What is a(55)?
-16
Let j(t) = 1008*t + 105827. Calculate j(-105).
-13
Let t(b) = -b**3 - 45*b**2 - 39*b + 212. Calculate t(-44).
-8
Let r(u) = -u**2 + 12*u + 79. Determine r(15).
34
Let s(v) = -v**3 + 13*v**2 - 20*v - 29. Calculate s(11).
-7
Let g(w) = -2*w**3 + 17*w**2 + 79*w - 794. Determine g(8).
-98
Let j(x) = -14*x + 310. What is j(6)?
226
Let i(v) = v**2 - 16*v - 414. Determine i(-14).
6
Let a(h) = 6*h**3 + 5*h**2 + 11*h + 4. What is a(-3)?
-146
Let m(f) = -3*f**3 - 17*f**2 + 52*f + 309. Give m(-5).
-1
Let o(d) = -99*d - 845. Calculate o(-8).
-53
Let g(j) = -10*j**2 + 39*j - 13. Determine g(4).
-17
Let f(y) = -5*y**3 - 161*y**2 - 32*y + 13. Calculate f(-32).
13
Let o(s) = s**2 + 6560*s - 45965. Determine o(7).
4
Let d(p) = 2*p**2 - 5*p + 2. What is d(5)?
27
Let d(o) = -28*o - 98. Give d(-5).
42
Let n(v) = -4*v**2 - 26*v + 118. What is n(-10)?
-22
Let k(x) = -11*x - 13. What is k(-5)?
42
Let c(d) = d**2 + 6*d - 135. Give c(8).
-23
Let b(i) = 7*i + 51. Calculate b(-13).
-40
Let j(o) = o**3 - 18*o**2 - 6*o + 576. Determine j(7).
-5
Let w(v) = 2*v**3 + 29*v**2 - 50*v - 501. Determine w(-15).
24
Let p(z) = -z**3 - 21*z**2 + 57*z + 1613. What is p(-20)?
73
Let m(b) = -96*b + 964. What is m(10)?
4
Let x(b) = -2*b**2 + 115*b + 542. What is x(64)?
-290
Let c(y) = y**2 + 3*y - 46. What is c(-15)?
134
Let a(n) = -5*n**2 - 38*n + 145. Calculate a(14).
-1367
Let v(d) = -14*d + 583. Give v(47).
-75
Let b(o) = 10*o**2 - 1492*o + 3237. Determine b(147).
3
Let a(s) = 29*s + 173. Determine a(-8).
-59
Let w(l) = -9*l + 245. Give w(26).
11
Let o(r) = -39*r**3 - r**2 - 10*r + 10. Calculate o(1).
-40
Let k(c) = -294*c + 4409. Calculate k(15).
-1
Let u(y) = y**3 - 213*y**2 - 162*y + 34509. What is u(213)?
3
Let c(w) = w**3 + 15*w**2 - 2*w - 85. Determine c(-12).
371
Let g(z) = -z**3 + 31*z**2 + 6*z - 143. Give g(31).
43
Let q(a) = -2*a - 94. What is q(-31)?
-32
Let l(j) = -73*j + 2051. What is l(28)?
7
Let x(u) = 3*u**3 - 3*u**2 - 34*u + 60. Determine x(2).
4
Let j(u) = -8*u**3 + 36*u**2 + u - 1. Give j(2).
81
Let y(h) = -6*h**2 + 47*h + 909. Calculate y(-9).
0
Let a(i) = -i**3 + 199*i**2 - 3581*i + 15. Calculate a(20).
-5
Let v(w) = 3*w**3 + 9*w**2 - 404*w - 834. What is v(-2)?
-14
Let k(r) = -33*r**2 + 459*r + 35. Calculate k(14).
-7
Let v(d) = d**3 - 18*d**2 + 8*d - 26. Calculate v(18).
118
Let o(t) = -t**3 + 4*t**2 - 56*t + 317. Give o(5).
12
Let f(y) = y**2 + 12*y + 28. What is f(-5)?
-7
Let r(u) = u**3 - 31*u**2 - 18*u + 70. Calculate r(31).
-488
Let g(o) = -23*o + 302. Give g(17).
-89
Let p(c) = 644*c - 10329. Determine p(16).
-25
Let v(h) = -h**2 - 115*h - 3143. Determine v(-45).
7
Let x(i) = -10*i**2 + 473*i - 108. Give x(47).
33
Let d(u) = u**2 + 402*u + 40326. Give d(-192).
6
Let r(p) = p**3 - 29*p**2 - 251*p + 5. Determine r(36).
41
Let p(m) = 1110*m - 5546. Calculate p(5).
4
Let o(b) = b**2 + 117*b + 1925. What is o(-97)?
-15
Let y(g) = g**3 - 50*g**2 + 5*g + 2166. Determine y(49).
10
Let t(r) = -5*r - 117. Determine t(5).
-142
Let a(f) = f**2 - 17*f + 73. What is a(7)?
3
Let j(o) = 5*o**2 + 68*o - 172. Calculate j(-16).
20
Let z(u) = -114*u**2 - 24*u - 4. What is z(-1)?
-94
Let w(s) = 31*s - 196. Give w(8).
52
Let y(v) = -v**2 - 101*v + 639. What is y(-107)?
-3
Let y(h) = -h**3 + 7*h**2 + 156*h - 12. Calculate y(-9).
-120
Let s(k) = 2*k**2 + 231*k + 1410. Give s(-109).
-7
Let z(l) = -l**3 + 6*l**2 - 31*l + 5. Give z(7).
-261
Let p(g) = 6*g**3 + 15*g**2 - 41*g - 11. Determine p(-4).
9
Let y(c) = 129*c**3 + c**2 - c - 8. Calculate y(2).
1026
Let f(c) = -c**3 + 12*c**2 - 36*c - 5. What is f(4)?
-21
Let n(f) = -30*f + 2014. Give n(67).
4
Let p(r) = -2*r**3 + 22*r**2 + 8*r - 103. What is p(11)?
-15
Let z(u) = -178*u**2 + 4*u + 8. Calculate z(-2).
-712
Let p(c) = -11*c + 703. Give p(67).
-34
Let x(a) = -102*a**3 - 2*a**2 - 5*a - 4. Determine x(-1).
101
Let m(k) = -86*k**2 + 351*k - 13. Give m(4).
15
Let g(a) = a**3 + 130*a**2 + 503*a - 132. Give g(-126).
-6
Let y(n) = 2*n**2 - 43*n + 587. Give y(11).
356
Let y(p) = -2*p**2 - 23*p - 13. What is y(-15)?
-118
Let k(v) = -2499*v + 127448. Give k(51).
-1
Let t(o) = -10*o**3 + 4*o**2 - 2*o - 10. What is t(0)?
-10
Let z(s) = s**3 - s**2 - 6*s - 5. What is z(-3)?
-23
Let g(d) = -86*d - 1891. Determine g(-22).
1
Let u(g) = 223*g - 1335. Determine u(6).
3
Let k(d) = 354*d -